 Let w = 24 - 19. What is f(w)?
-7
Let g(a) = -a**3 + 2*a**2 + 4*a + 3. Suppose 2 + 2 = z. Give g(z).
-13
Let w(t) = -t**3 - 4*t**2 - 2*t - 4. Suppose 3*i = -0 - 9. Calculate w(i).
-7
Let l be 5*2*8/(-20). Let q = 4 + l. Let o(y) = y**3 + y**2 + y + 4. What is o(q)?
4
Let l(n) = n**3 + 5*n**2 - 7*n - 3. Let k be l(-6). Let o(h) = -h**2 - 1. Calculate o(k).
-10
Suppose -4*l - 2*c + 16 = 0, 14 - 5 = l + 3*c. Let h(y) = -3*y**2 + 2*y + 4. What is h(l)?
-17
Suppose 3*y - w - 11 = 0, 4 = 5*w - 1. Suppose j + 4 = -5*x, 5*x - y*j + 5 + 4 = 0. Let r(q) be the first derivative of -7*q**2/2 - q + 1. Give r(x).
6
Suppose -2*m + 0*k = 4*k - 52, 2*k = m - 6. Let i(l) = m - 9 - 11 + l. Determine i(3).
-1
Let i(b) = -11*b**2 + 13*b - 7. Let c(v) = 6*v**2 - 7*v + 4. Let d(g) = -7*c(g) - 4*i(g). Calculate d(2).
2
Let p be (-25)/(-2) - 2/4. Suppose 4*g - 14 + 2 = 0. Let y(q) = -1 - g*q - q + p*q. Give y(1).
7
Let g(j) = 7*j + 1. Suppose -2*z - 2 = -0. Calculate g(z).
-6
Let q(g) = g**2 - 1. Let u(k) = 3*k**2 - 6. Let v(a) = 5*q(a) - u(a). Let d(i) = -i - 6. Let j be d(-8). Suppose -j = -3*w - 5. Determine v(w).
3
Suppose -2*a = 5*s + 3*a + 65, -4*s + 2*a = 22. Let q = s + 12. Let g(b) = b**2 - 3*b + 2. Give g(q).
6
Suppose 5*j - 30 = 10*j. Let n(h) = h**3 - 8*h**2 + 6*h + 1. Let y(l) = l**3 - 9*l**2 + 7*l + 2. Let t(m) = j*n(m) + 5*y(m). Determine t(3).
1
Let h = 1 - 0. Let q(l) = -4 + h + 5*l - 4*l. What is q(4)?
1
Let x = -3 - -5. Suppose 0 = h + 3*u - 1, -3*h - x*h = -u + 11. Let k be (-16)/6 - h/3. Let q(g) = -g**2 - 3*g + 1. What is q(k)?
3
Suppose -2*j - 2 = -14. Suppose -j*c + c = 5. Let b be c/((8/(-6))/(-4)). Let g(r) = r**3 + 3*r**2 + 2*r + 4. Determine g(b).
-2
Suppose -22 = -2*x - 3*y, 5*x - 2*y - 9 = 2*y. Suppose -5*q + 8*q - 5 = -n, 0 = 2*n + q - x. Let j(z) = -4*z + 5 - 1 + 3*z**n + 2*z**2 - 6*z**2. What is j(-5)?
-1
Suppose 0 = -2*m - m - 12. Let r(o) = o**2 - 1. Let a(c) = -3*c**2 + 9*c + 11. Let w(z) = m*r(z) - a(z). Determine w(-5).
13
Let o(n) = n**3 - 5*n**2 - 3. Let r(f) = -f**3 + 5*f**2 + 4. Let p(h) = -3*o(h) - 4*r(h). Let y = -1 + 6. Determine p(y).
-7
Let h(u) be the second derivative of -u**5/120 + u**4/6 - u**3/2 - 3*u. Let r(q) be the second derivative of h(q). Give r(-3).
7
Let i(r) = -2*r + 15. Let y be i(10). Let h(b) = b**3 + 6*b**2 + 7*b + 3. Give h(y).
-7
Let p(g) be the third derivative of -g**5/60 + g**4/24 - 5*g**3/6 + 13*g**2. Give p(0).
-5
Suppose 0 = -3*l + 7 + 14. Let k(r) be the third derivative of r**4/24 - 5*r**3/3 + r**2. Calculate k(l).
-3
Let q(d) = d**3 - 6*d**2 + 10*d - 4. Let r be q(4). Let i(y) = 2*y**2 - 4*y + 5. Calculate i(r).
21
Let b(t) be the third derivative of -t**6/120 + t**5/15 + 7*t**4/24 - 7*t**3/6 + 4*t**2. Suppose 0*f - 5*z = -3*f + 10, 4*f - 2*z = 18. Determine b(f).
3
Let m(f) = f - 10. Let b be m(10). Let d(k) = -5*k**2 - 9*k - 1. Let o(v) = -3*v**2 - 5*v - 1. Let x(s) = 4*d(s) - 7*o(s). Give x(b).
3
Suppose 2*c = -3*c. Let p = 3 + c. Let o(a) = -a - 4 + 3*a**2 - 2*a**3 - 2*a**3 + 5*a**p - 2*a. What is o(-3)?
5
Let k(g) = -g**2 + 5*g + 2. Let o be k(4). Let m(u) = -u - 2. Let w(p) = -p - 2. Let h(q) = -3*m(q) + 2*w(q). Determine h(o).
8
Suppose -2*l = -3*x + 1 + 1, 2*x - 2 = l. Let g(z) = -z**2 - 3*z**l + 3*z**2 + z - z**3 + 1. Calculate g(0).
1
Let n(v) = v - 7. Let u be (0 + 0)*(-4)/12. Let a = 1 - u. Let m be (0/2 - 0)/a. Determine n(m).
-7
Let i(z) = z**3 + 4*z**2 + 2*z + 1. Let d be i(-3). Let f(h) be the first derivative of -h**2/2 + 7*h - 7. What is f(d)?
3
Let z(n) = -7*n**3 + 2*n**2 - 1. Let g(a) = -a + 5. Suppose -20*j + 19*j + 6 = 0. Let b be g(j). Calculate z(b).
8
Let c(a) = -a**2 + 2*a - 1. Let s(b) = -b**2 + 3*b - 1. Let j be 1 - (-1 - -4 - -4). Let k(r) = j*c(r) + 5*s(r). What is k(-3)?
1
Let r(q) = 2*q - 2. Let l be 4/(-6)*(1 + 2). Let p be (-4 + (-5)/l)*-2. Give r(p).
4
Let p be (-1 - (-7)/4)/(39/468). Let f(y) = -y - 9. Calculate f(p).
-18
Let n(a) = a - 5. Let p be 1/(10/8)*-5. Determine n(p).
-9
Let z(j) be the second derivative of -j**4/12 + 4*j**3/3 - j**2 + 12*j. Calculate z(8).
-2
Let f(n) be the second derivative of -n**5/60 - n**4/24 - n**2/2 - n. Let h(w) be the first derivative of f(w). Determine h(-3).
-6
Let x be 369/(-18) - (-1)/2. Let f = -17 - x. Let r(i) = -i + 6. Calculate r(f).
3
Let b(c) be the first derivative of c**4/24 - c**3/6 + 3*c**2/2 + 2. Let m(h) be the second derivative of b(h). Let n = 3 - 5. Give m(n).
-3
Let g(d) = -d**3 + 8*d + 11. Let c(x) = x**2 + x + 1. Suppose 2*v - 3 = -1. Let j(q) = v*g(q) - 6*c(q). What is j(-6)?
-7
Let o(s) = s**2 - 4*s - 1. Let n = 46 + -43. Calculate o(n).
-4
Let a(n) = 0 - 1 + 4 - n - 4. Calculate a(-6).
5
Suppose 4*r = r + 4*q + 2, -r + 4 = -2*q. Let a(j) = -j - 11. Determine a(r).
-5
Let k(w) = w**2 - 6*w - 5. Let y be -21*(2/8 + (-56)/96). Determine k(y).
2
Let o be (10 - 2)/((-2)/(-4)). Suppose -4*k = -z - o, -5*k = 3*z - 18 - 2. Let s(t) = 0*t**2 - k*t**2 - 6*t + 3*t**2 - 2. Calculate s(-4).
6
Let b(m) be the third derivative of m**4/4 - 19*m**2. Determine b(-1).
-6
Suppose -6*i - 2*w = -i - 24, -4*w + 8 = 0. Suppose -5 = -3*c + 3*r - r, 3*c - i*r = 13. Let o = -2 - c. Let d(n) = -n**3 - n - 1. Determine d(o).
1
Let z(m) = m + 1. Suppose -3*b + 0 = -12. What is z(b)?
5
Let i(t) = 2*t + 1. Let y = -4 - -3. Give i(y).
-1
Suppose -20 = 5*g - 3*g. Let u(k) = -6 + 12 + 7 + k. Let l be u(g). Let v(m) = -m**3 + 5*m**2 - 5*m + 4. What is v(l)?
7
Let f be (9/27)/(1/6). Let m(a) = 3*a - a**2 + 5*a**f - a**3 + 0*a - 5 + 2*a. Determine m(5).
-5
Let k(x) = -8*x**3 - x**2. Let m(i) = -41*i**3 - 5*i**2. Let u = -5 - -16. Let q(s) = u*k(s) - 2*m(s). Let o be (1/(1 - 2))/(-1). Calculate q(o).
-7
Let m(x) be the third derivative of -11*x**6/120 - x**5/60 + 67*x**2. Determine m(-1).
10
Let h(g) = g + 3. Suppose -15 = 6*c - 3*c. Calculate h(c).
-2
Let w(b) = -2*b + b + 15 + 2 - 6. Let p be w(6). Let m(j) = -j**2 + 6*j - 1. Calculate m(p).
4
Let x(q) = -q**3 - 7*q**2 - 7*q - 4. Suppose -j + 30 - 11 = -5*a, -4*a - 20 = 0. Determine x(j).
2
Let c(g) = -g**3 - g**2 - 2. Let l(y) be the second derivative of 3*y + 1/12*y**4 - 7/6*y**3 + 0*y**2 + 0. Let w be l(7). Determine c(w).
-2
Let a be 9/(-36) - 1/(-4). Let s(u) = -u**3 + 3*u**2 + 4*u. Let k(z) = 3*z**3 - 8*z**2 - 11*z + 1. Let i(v) = 4*k(v) + 11*s(v). Determine i(a).
4
Let l(a) = -4*a - a - a - a + a**2 + 8. What is l(6)?
2
Let d(s) = -s**2 - 5*s - 3. Suppose -i = -2*b + 14 - 0, 5*i - b = -25. Determine d(i).
1
Let p(t) = -4*t**3 + 2*t**2 - 1. Let k(n) = -n - 1. Let w(s) = 5*s + 7. Let c(x) = -2*k(x) - w(x). Let h be c(-2). What is p(h)?
-3
Let y(b) be the third derivative of -b**6/120 - b**5/15 + b**4/24 + 6*b**2. Suppose 0*r + 3 = -r. Give y(r).
-12
Let r(h) = h**3 - 7*h**2 + 4*h + 7. Let c = -53 + -59. Let f be 24/(-108) - c/18. Give r(f).
-5
Let v be (4/(-2))/((-6)/9). Let q(m) = v*m**2 - 19 - 3*m + 17 - 2*m**2. Give q(3).
-2
Let y(c) = -4*c + 1. Let d = 1 + -10. Let o(u) = -u - 9. Let l be o(d). Let g = l + -1. Determine y(g).
5
Suppose -r = 2 - 5. Let a(p) = 4*p - 2. Let l be a(2). Suppose 4*f + 2*b - 16 = l, -r*b = -3. Let y(o) = o**3 - 5*o**2 - 6. Determine y(f).
-6
Let s = 8 - 0. Let h(l) = -l**2 + 7*l**2 + l**3 - s*l - l**2 - 4. Calculate h(-6).
8
Let x(z) = -z**3 + 1. Let s(h) = -2*h + 14. Let k be s(6). What is x(k)?
-7
Let u(z) be the second derivative of -z**4/6 - 2*z**3/3 - z**2 + 10*z. Determine u(-2).
-2
Let p(n) = -n**3 - 4*n**2 - 3*n. Suppose r = 5*r. Suppose 2*j + 23 = -5*x + 60, r = 4*x + 5*j - 16. Suppose 5*k - 2*k + x = 0. Give p(k).
0
Let q = 145 + -145. Let u(o) = o - 9. Let z(g) = g - 8. Let x(r) = -3*u(r) + 4*z(r). What is x(q)?
-5
Suppose 3*a = -a + 48. Let z = -7 + a. Let l(x) = -2 - z - 2*x + 2 - 3*x - x**2. What is l(-4)?
-1
Let s(n) = -5*n - 8*n**2 - 6*n - n**2 - 5 + 8*n**2. Give s(-5).
25
Let h(r) = -7*r**2 - 2*r - 1. Let f(s) = -s**3 - 2*s**2 + 3*s + 1. Let d = 4 - 7. Let w be f(d). Suppose -5*i = w + 4. Calculate h(i).
-6
Let u(v) = -v**3 - v**2 + 2*v - 5. Let n be u(-3). Let q(o) = -o**2 + 5*o + 7. Calculate q(n).
-7
Suppose -3*v + 6*v + 15 = 0. Let q(u) = u**2 + 4*u + 3. Give q(v).
8
Let t(j) = j**3 - 5*j**2 - 7*j + 6. Let y be t(6). Let u(h) be the second derivative of y + 1/2*h**2 + 2*h - 1/3*h**3. What is u(4)?
-7
Let p(u) = 85*u + u**